0 + -11?
-10011000101101
In base 2, what is 10101 + 1010110010?
1011000111
In base 3, what is 10210 - 1001?
2202
In base 4, what is 1321210222 + -10?
1321210212
In base 8, what is -357 - 7276?
-7655
In base 13, what is 111 - 5c?
82
In base 3, what is 101102121201 - -10?
101102121211
In base 15, what is 657 + -36?
621
In base 8, what is 215 - 42?
153
In base 14, what is -2861 + 1?
-2860
In base 8, what is 13 + -7263?
-7250
In base 11, what is 1 + 310?
311
In base 13, what is -3b71 - -3ac?
-3792
In base 9, what is 83718 - -5?
83724
In base 15, what is -40ec + 0?
-40ec
In base 2, what is -1000000111 + 100010000?
-11110111
In base 5, what is -23100 - 31411?
-110011
In base 14, what is 118b + 10?
119b
In base 15, what is -3 + -7b44?
-7b47
In base 6, what is 34245 + 11?
34300
In base 6, what is -250521 + 132?
-250345
In base 9, what is 1 - 203873?
-203872
In base 12, what is -50 + 278?
228
In base 15, what is -6834 - 1b?
-6850
In base 2, what is -1100100110011010101101 + -100?
-1100100110011010110001
In base 16, what is 5 + 156e?
1573
In base 3, what is 11110 - 10222110?
-10211000
In base 10, what is -860765 + -1?
-860766
In base 11, what is 10 + -1660?
-1650
In base 11, what is 75 + 1a1a?
1a94
In base 13, what is 5 - 322?
-31a
In base 4, what is 2321 - 31?
2230
In base 8, what is -120414 + -1?
-120415
In base 3, what is -10100111 - -1210?
-10021201
In base 8, what is -40254 + 5?
-40247
In base 15, what is 9d15 + 75?
9d8a
In base 8, what is -54521201 + 3?
-54521176
In base 3, what is -1220110 - 221?
-1221101
In base 8, what is 460531 - 6?
460523
In base 8, what is 50321 + 144?
50465
In base 14, what is 465 + 7a?
501
In base 9, what is -6 + -772?
-778
In base 16, what is 5 + -5bf86?
-5bf81
In base 5, what is 3 + -20104?
-20101
In base 9, what is 34224 + 260?
34484
In base 14, what is 2c8 - -7?
2d1
In base 16, what is 1f + 612?
631
In base 3, what is -222021 - -1?
-222020
In base 5, what is -1 + 1122100?
1122044
In base 5, what is 1201340 + -30?
1201310
In base 5, what is 224340 - 0?
224340
In base 14, what is -155 - -62?
-d3
In base 16, what is -937 + 1bc?
-77b
In base 2, what is -101 - 111110110011?
-111110111000
In base 15, what is -9a4 + -25?
-9c9
In base 2, what is 100 + -1000101010111100111?
-1000101010111100011
In base 2, what is -100000100011001001111 + 11?
-100000100011001001100
In base 13, what is 4 - caa4?
-caa0
In base 3, what is 22022221 + -12112?
22010102
In base 4, what is 120111012 + 11?
120111023
In base 13, what is 2 + -43709a?
-437098
In base 15, what is -28b2d + a?
-28b23
In base 10, what is -623 - -36?
-587
In base 5, what is -11344002433 - 3?
-11344002441
In base 10, what is -18 - 4907?
-4925
In base 11, what is -14469 + 36?
-14433
In base 15, what is 399 + -27d?
11b
In base 12, what is -111 + 7b0?
69b
In base 7, what is 2345 - -133?
2511
In base 12, what is 1229a23 - 1?
1229a22
In base 7, what is -16260 - -1035?
-15222
In base 9, what is 114700 + 8?
114708
In base 11, what is -15 - 182?
-197
In base 4, what is 1 + -102100230?
-102100223
In base 7, what is -1046354 + -1?
-1046355
In base 13, what is -1063b - 0?
-1063b
In base 3, what is 202112102120 + -11?
202112102102
In base 12, what is 13657 + 2?
13659
In base 16, what is 18 + -853?
-83b
In base 5, what is 1240 - 3122?
-1332
In base 15, what is 1 + 2416c3?
2416c4
In base 14, what is 592a - -71?
599b
In base 5, what is 103014321 - 1?
103014320
In base 3, what is -12111100 - 1200?
-12120000
In base 5, what is 0 - 1213141?
-1213141
In base 13, what is 242 - 40?
202
In base 8, what is 736572 + 3?
736575
In base 6, what is 55253115 + -4?
55253111
In base 10, what is 3 + 3675?
3678
In base 9, what is 33 - -14485?
14528
In base 7, what is -233 + -1054?
-1320
In base 5, what is -241 + -312012?
-312303
In base 13, what is 1 - 704?
-703
In base 14, what is 29a3 + 32?
29d5
In base 10, what is 524 - 909?
-385
In base 12, what is 336 - 3?
333
In base 10, what is 2 + 37771?
37773
In base 13, what is -2843 + 39?
-2807
In base 7, what is 60406 - 1344?
56032
In base 14, what is 31 - 270?
-23d
In base 16, what is 86 + -849?
-7c3
In base 7, what is -161 - 202514?
-203005
In base 16, what is 22 + -285?
-263
In base 6, what is -15325 + 3?
-15322
In base 12, what is -39 + -266?
-2a3
In base 2, what is -100 + -10001001011?
-10001001111
In base 10, what is -130750 + -3?
-130753
In base 6, what is 0 - 1111310?
-1111310
In base 10, what is 18 + -2?
16
In base 4, what is 21023 - -120?
21203
In base 11, what is -731577 - 2?
-731579
In base 9, what is 6522 - 417?
6104
In base 5, what is 3221011 - -10?
3221021
In base 2, what is 111 - 1011011010110010?
-1011011010101011
In base 6, what is 44 - 2031555?
-2031511
In base 12, what is 3 + 26b6?
26b9
In base 5, what is -1 + 33143?
33142
In base 2, what is 100 + 1011011110010110?
1011011110011010
In base 3, what is -10202211020 - -2?
-10202211011
In base 6, what is -21540 + -125?
-22105
In base 12, what is 41b8 + 5?
4201
In base 6, what is 3 - -2414411?
2414414
In base 14, what is 12 + 35a?
36c
In base 13, what is -48b1 + 139?
-4775
In base 8, what is -324603 + -26?
-324631
In base 4, what is -1002132 - 2010?
-1010202
In base 2, what is 10000 + -10111110100?
-10111100100
In base 11, what is -3 - 9769?
-9771
In base 3, what is 100020 + 11?
100101
In base 12, what is 5 + 4595?
459a
In base 10, what is 51748 - 47?
51701
In base 15, what is 2ebd - -6?
2ec4
In base 13, what is -40 - -952?
912
In base 12, what is 13a + 23?
161
In base 9, what is 1351738 - -5?
1351744
In base 12, what is 1 - -82b4?
82b5
In base 13, what is 4a7 + -584?
-aa
In base 9, what is -131 - -168?
37
In base 14, what is 3 + -5dd1?
-5dcc
In base 7, what is -4 + 122252?
122245
In base 2, what is 0 + 101101110111001110?
101101110111001110
In base 3, what is -2 - -211111122?
211111120
In base 8, what is 2531677 - -2?
2531701
In base 2, what is -1111100111 - -10101?
-1111010010
In base 9, what is 8036 + -175?
7751
In base 9, what is 15237 - -8?
15246
In base 10, what is -127 + 184?
57
In base 15, what is -b9b - 3a?
-bd6
In base 15, what is 3ad - -1d60?
221d
In base 9, what is -5 + 143648?
143643
In base 3, what is -202222 - -100?
-202122
In base 12, what is 1556b - -a?
15579
In base 7, what is 61 + -5620?
-5526
In base 5, what is -12232 + -13?
-12300
In base 11, what is 4 - -189a3?
189a7
In base 7, what is -254 - 20210?
-20464
In base 10, what is -5 + -4333?
-4338
In base 15, what is 7 + 298?
2a0
In base 9, what is -3533 - -261?
-3262
In base 14, what is 4 - a3da8?
-a3da4
In base 11, what is -5 - -4151?
4147
In base 6, what is 530 - -12023?
12553
In base 10, what is -33 + 1418?
1385
In base 4, what is -122123 + 300?
-121223
In base 4, what is 132 - 20121201?
-20121003
In base 14, what is -70 - c9?
-159
In base 11, what is -8 - 758?
-765
In base 16, what is -3 - -af770?
af76d
In base 13, what is -4 - -692b?
6927
In base 4, what is 0 - -23033121?
23033121
In base 3, what is 1012 - 101212120?
-101211101
In base 12, what is -3 - -15440?
15439
In base 12, what is 986 + -1?
985
In base 16, what is 3 + -5b41?
-5b3e
In base 8, what is -1216 + 341?
-655
In base 10, what is -47394 - -167?
-47227
In base 12, what is 3 - ab?
-a8
In base 11, what is -176 + 1066?
9a0
In base 6, what is 150 - 413?
-223
In base 3, what is -12020201211 + -2?
-12020201220
In base 5, what is -2321144 + -104?
-2321303
In base 6, what is 414 + 40154?
41012
In base 2, what is 111101000011011 - 101000?
111100111110011
In base 8, what is 266153 + -5?
266146
In base 10, what is -32 - 1709?
-1741
In base 3, what is -201200011 - -12?
-201122222
In base 16, what is 11e + -cd4?
-bb6
In base 4, what is -223 + 10133?
3310
In base 4, what is 13 + 11231?
11310
In base 12, what is -2 - -2a4bb?
2a4b9
In base 8, what is 12145 - 11?
12134
In base 2, what is 101110010000000 - -1011?
101110010001011
In base 7, what is -562 + -61?
-653
In base 14, what is -2c - -14274?
14246
In base 14, what is -14b6 - 0?
-14b6
In base 3, what is -201201010 - 122?
-201201202
In base 8, what is 27564 + -172?
27372
In base 11, what is 17999 - -20?
17a09
In base 7, what is -410 + 65?
-312
In base 3, what is -200 + -2100001102?
-2100002002
In base 15, what is -a9a - -25?
-a75
In base 5, what is -3243 - -20?
-3223
In base 10, what is 5174 + -2?
5172
In base 12, what is 3046